**3 + 2*y**2 - 3*y + 3. Let g(x) = 3*m(x) + 4*v(x). Determine g(1).
0
Let b(x) = -x**3 - 5*x**2 - 7*x - 5. Let u be (0 - 8)/(6/(-3)). Let s be u*(2 + -4)/2. Give b(s).
7
Suppose 0 = -6*m + 20 + 4. Let v(p) = p - 5. Calculate v(m).
-1
Let b(w) = -w**2 - 3*w - 1. Let s be b(-4). Let n(f) = f**2 + 8*f + 4. Let r(g) = -1. Let u(p) = n(p) - r(p). Calculate u(s).
-10
Let s(o) = o**3 + o**2 - 2*o - 6. Let l(f) = -f**3 + f + 8. Let i(q) = 3*l(q) + 4*s(q). Let t be (-60)/9*(-12)/10. Let b = 3 - t. What is i(b)?
0
Let k(c) = -5*c**2 - c. Suppose 2*n = 3*n - 3. Suppose n = -i - 2*i. Give k(i).
-4
Let a = -8 - -4. Let i(r) be the first derivative of -r**3 + 2*r - 1/4*r**4 + 5/2*r**2 - 1. Calculate i(a).
-2
Let p(k) = -4*k**2 + k**2 + 2*k**2 - 1. Let r = -8 + 5. Let v(t) = -t**3 + t**2 - 2*t + 1. Let n(f) = r*p(f) + v(f). What is n(4)?
-4
Let x(p) = 4 + 5 + 4 - 7 - 5*p. Determine x(4).
-14
Let g(x) be the second derivative of -9/20*x**5 + 1/2*x**2 + 1/6*x**3 + 0 - x - 1/12*x**4. What is g(-1)?
8
Let a be (-14)/49 - (-16)/7. Let k(h) be the first derivative of h - 1/2*h**a - 1. Determine k(2).
-1
Let q(y) = y**2 - 5*y + 7. Let f be q(4). Let c(o) = o**3 - 2*o**2 - 3*o + 4. Give c(f).
4
Suppose b + 11 = 3. Let y(x) = 9*x - 22*x**2 + 6*x**2 + 8 + 17*x**2. Give y(b).
0
Suppose 4*t + 4*d - 36 = 0, 2*t + t = 5*d - 5. Let m(y) = -y**2 + 8*y - 7. Determine m(t).
8
Let t(r) = r + 3. Suppose -2*b + 5*n - 2*n + 33 = 0, -5*b = -4*n - 65. Determine t(b).
12
Suppose y - 8 = 2*d, 20 = 5*y + 2*d - 8. Let t(z) = z**2 - 5*z. Let b(j) = -2*j**2 + 10*j + 1. Let h(k) = -4*b(k) - 7*t(k). What is h(y)?
2
Let q(w) = w**2 + 5*w - 4. Let a = 53 - 59. What is q(a)?
2
Let z(l) = l**3 + 9*l**2 + 11*l + 9. Let k be (-59)/7 + 24/56. Calculate z(k).
-15
Suppose -6*w - 20 = -8*w. Let i(s) = -s**2 - 10 + w. What is i(1)?
-1
Suppose 0 = -4*r + 26 - 10. Suppose 0 = 3*w - 3, r*w + w = -3*c - 10. Let d(m) = m**2 + 5*m - 3. Let j be d(c). Let a(u) = -4*u - 3. What is a(j)?
9
Let n(a) = -44 + 13 + 11 + 18 - a. Calculate n(6).
-8
Let d = -3 + 5. Let i be -2*(1 - 2)/d. Let m(g) = 1 - g**3 + i + 4*g + 1 - 1 - 3*g**2. Calculate m(-4).
2
Let z(u) = -u**2 + 4*u - 4. Let i = -3 - -8. Calculate z(i).
-9
Let c(k) = -k**2 + 6*k + 9. Let a be c(7). Let u(v) = v + 4. Suppose 15 = 2*p + 3*p. Let g(t) = -3. Let o(d) = a*u(d) + p*g(d). Determine o(-3).
-7
Let c be -6*(-1 - (-6)/9). Let v(g) = -g**3 + 0*g - g + 2 - 3 - g**3 - 3*g**c. Give v(-2).
5
Let h(p) = p**2 + 7*p + 2. Suppose -2*v = -4*j - 18, 0*v + 15 = -3*j + 3*v. Let b(s) = 2*s + 2. Let l be b(j). What is h(l)?
-4
Let i(x) = x**3 + 6*x**2 - 8*x - 4. Let f be i(-7). Let r(t) = -t - 4*t + 0*t - 2 + 3*t + 2*t**f + t**2. What is r(-2)?
-10
Let t(k) = k**3 + 4*k**2 + 2*k + 3. Let v = 5 + -8. Let o be t(v). Let g(y) = y**3 - 4*y**2 + 6*y + 1. Let p(j) = j**2. Let f(b) = -g(b) + 3*p(b). Give f(o).
-1
Let j(r) = -r**3 - r**2 + r. Let p(m) = -m**3 + 4*m**2 + 9*m + 4. Let v(x) = -2*j(x) + p(x). Let s = -11 + 6. Determine v(s).
-6
Let n(w) = w**2 - 7*w + 9. Let h be n(6). Let r be 1/(1/3) + h. Let v(t) = t - 3. What is v(r)?
3
Let i(h) = -2 + 4*h**2 + 52*h - 46*h - 3*h**2. Let k(d) = -d**2 - 3*d - 1. Let t be k(-4). What is i(t)?
-7
Let m(t) = t**3 + 2*t**2 - 2*t + 4. Let l be m(-3). Let z(j) = -7*j + 8. Let v(h) = -h + 1. Let p(n) = l*z(n) - 4*v(n). What is p(5)?
-11
Suppose -2*z + 2 = -4*v - 0*v, 9 = 3*z. Let w be 6/(-2) + (-1)/v. Let u(i) be the first derivative of -i**2/2 - 5*i + 12. Determine u(w).
-1
Let c(z) = z**2 + 4*z + 3. Let f be c(-3). Let k be -6 + 6/2 - -7. Let d(r) = k*r - r**2 - 4*r - 4 + r. Calculate d(f).
-4
Let p be -2*((-5)/(-2) + 0). Let u(w) = w**2 + 10*w + 30. Let m be u(-6). Let v(h) = 7*h - 2. Let i(b) = 6*b - 2. Let c(t) = m*i(t) + p*v(t). Determine c(6).
4
Let l(s) = -16*s + 1 + 6*s + s + 8*s. What is l(3)?
-2
Let d(n) be the third derivative of 0*n + 2*n**2 + 0 + 5/24*n**4 - 2/3*n**3 + 1/120*n**6 + 1/10*n**5. Let j = -12 - -7. What is d(j)?
-4
Let r(c) = 2*c**3 - c**2 - c - 1. Let p(d) = -d**3 + 8*d**2 + 10*d + 7. Let i be p(9). Let l = i + -17. Give r(l).
-3
Let m(v) be the first derivative of -v**6/360 + v**5/30 + 7*v**4/24 + v**3/3 + 3. Let w(y) be the third derivative of m(y). Calculate w(5).
2
Let k(q) = -2*q + 18*q**2 - 4*q**2 - 9*q**2 - 6 - 1 + q**3. Calculate k(-5).
3
Let f(g) = g**2 + 2*g. Let h(l) = -2*l**2 - 3*l + 1. Let k(w) = 7*f(w) + 4*h(w). Let z(y) = -2*y - 7. Let v be z(-5). Determine k(v).
1
Let z(m) = 0*m + 3 + 7*m + m**3 - 4*m + 8*m**2 - 4*m. What is z(-8)?
11
Suppose -w + 6 = a, 2*a = -5*w + 1 + 14. Let m(v) be the third derivative of -1/3*v**3 + 1/8*v**4 + 4*v**2 - 1/20*v**a + 0*v + 1/60*v**6 + 0. What is m(2)?
8
Let x = -3 + 3. Suppose x = 3*n - 2 - 4. Let w(s) = 0*s + n - 2*s + 0*s**2 - 2*s**2 - s**3. What is w(-2)?
6
Let o(w) = -w**2 + 7*w + 5. Let a be o(7). Let m(s) = s**3 - 4*s**2 - 6*s - 6. Calculate m(a).
-11
Suppose -3*q + 0*i = 2*i - 13, -4*q + 15 = 5*i. Let c(y) = -y**2 + 5*y - 6. What is c(q)?
-6
Let b = -2 + -2. Let s(l) = l**3 + 4*l**2 - 4*l - 3. Calculate s(b).
13
Suppose -4*i = -2*i. Let u(h) = i + 3*h - 3 + 2. Calculate u(2).
5
Let q(x) = -x**3 - 2*x**2 - 4. Let d be q(-3). Suppose 9 = d*m + 34. Let b(o) = -o**3 - 6*o**2 - 5*o + 1. Calculate b(m).
1
Let y(l) = -2 + 0 + 1. Let r(m) = -m**2 - 4. Let b(o) = o**3 + 6*o**2 - 8*o - 1. Let i be b(-7). Let k(u) = i*y(u) - r(u). Give k(-3).
7
Let b(t) = -2*t**2 - 2*t - 3. Let f be ((-10)/(-2))/(-1 - -2). Suppose -3*m + 14 = 2*v - 7*m, f = 3*v + 2*m. Let q be 4/(-6) + (-4)/v. Calculate b(q).
-7
Let u be (13/(-3) - -4)/(-1). Let l(h) be the second derivative of -u*h**3 + 0 - 2*h**2 + 2*h + 1/12*h**4. Determine l(3).
-1
Let h(w) = -15*w - 4. Let a(c) = 779*c + 209. Let p(t) = 4*a(t) + 209*h(t). Give p(-1).
19
Let x(n) = 2*n**3 - 3*n**2 + 15*n - 13. Let m(h) = -3*h**3 + 4*h**2 - 23*h + 20. Let l(a) = 5*m(a) + 8*x(a). Calculate l(3).
2
Let z(w) = w**3 + 4*w**2 - 4*w. Let k be (16/(-6)*-3)/(-1). Let i = k + 4. Let h be (2/8 - -1)*i. Give z(h).
-5
Suppose 0*r + 2*r = 2*o + 16, 0 = 3*o - r + 20. Let y(n) be the second derivative of -n**3/6 - 2*n**2 + 14*n. Calculate y(o).
2
Let n(c) be the first derivative of -c**4/2 - c + 2. Determine n(1).
-3
Let n(u) = -u**2 - 2*u + 4. Suppose -2 + 18 = -4*f. Calculate n(f).
-4
Suppose 0*s = 2*s + 5*z - 30, -3*z + 2 = -2*s. Let f(i) = i**3 - 5*i**2 + 3*i. What is f(s)?
15
Let n = 3 + -1. Let z(s) = s + 1. Let q be z(1). Let r(l) = l**2 + 2*l**n - 3 + 5*l - l**3 - q. What is r(4)?
-1
Let i(j) be the third derivative of -j**4/24 + 39*j**2. Determine i(-3).
3
Let q be (-24)/9*6/(-8). Let z(d) be the first derivative of -5*d - d**3 + d**2 + q - 1/4*d**4. Give z(-4).
3
Let g(h) = -h**3 - 3*h**2 - 4. Let n = -5 - 1. Let b(j) = j**2 + 8*j + 9. Let u be b(n). Let d be g(u). Let m(o) = o + 5. What is m(d)?
1
Let f(l) be the second derivative of l**5/60 + l**4/24 - 5*l**3/6 + 2*l**2 - l. Let j(r) be the first derivative of f(r). Calculate j(-4).
7
Suppose 10 = 2*d, -4*i + 2*i + 7 = 3*d. Let m(s) = -s - 4. Calculate m(i).
0
Let q(y) = -2*y**3 - 11*y**2 - 5*y + 1. Let t be q(-5). Let b(z) = -19*z. Calculate b(t).
-19
Let f(h) = -12*h**3 - 6*h**2 - 2*h - 7. Let b(r) = -11*r**3 - 5*r**2 - 2*r - 6. Let o(x) = 6*b(x) - 5*f(x). Calculate o(-1).
7
Let n be (3 - 4)*-1 + 56/(-7). Let s(z) = -z**2 - 4*z + 1. Determine s(n).
-20
Suppose 2 = 3*h - 2*u - 3, 5*u = -4*h - 24. Let f(t) = 12*t**2 - 2*t - 1. Give f(h).
13
Let r(f) be the first derivative of f**4/4 - 5*f**3/3 + 3*f**2/2 + 13. What is r(4)?
-4
Let s = -11 + 16. Suppose -s*u = -7*u - 2. Let c(d) be the second derivative of d**5/4 + d**4/6 + d**3/3 + d**2/2 + 3*d. Calculate c(u).
-4
Let g(w) = -w - 4. Let j be g(-3). Let s(k) = -k**2 + 1 + 0 + k + k. Determine s(j).
-2
Let p(j) = j**3 + 5*j**2 + 4*j - 3. Let o(x) = -6*x**2 - 2*x + 3. Let g be o(1). Calculate p(g).
-23
Let k(p) = p**2 + 8*p + 3. Let r = -142 + 135. Give k(r).
-4
Let g(l) = -21*l - 5*l**2 + 19*l + 10*l**2 + 1. Let b(m) = m**3 - 4*m**2 - 5*m - 2. Let j be b(5). Let x be (j/3)/((-4)/6). Determine g(x).
4
Suppose -6*s + 3*s - 18 = 0. Let p(z) = z**3 + 5*z**2 - 7*z - 3. Calculate p(s).
3
Let b(y) be the first derivative of 4*y**3/3 + 7*y - 2. Let r(f) be the first derivative of b(f). What is r(1)?
8
Let h(q) = -19*q**2 + 15 - 